e
Is 20 a factor of 1402?
False
Is 7644 a multiple of 4?
True
Does 58 divide 20880?
True
Does 124 divide 4960?
True
Is 250 a factor of 33171?
False
Is 598 a multiple of 46?
True
Does 12 divide 929?
False
Is 698 a multiple of 14?
False
Is 19874 a multiple of 19?
True
Is 9960 a multiple of 20?
True
Is 34 a factor of 21182?
True
Does 3 divide 8490?
True
Is 4321 a multiple of 14?
False
Is 181 a factor of 34209?
True
Does 11 divide 31166?
False
Is 82432 a multiple of 8?
True
Is 3 a factor of 80?
False
Is 14 a factor of 70?
True
Is 61 a factor of 1924?
False
Is 84 a multiple of 12?
True
Does 3 divide 784?
False
Is 3915 a multiple of 5?
True
Does 16 divide 25056?
True
Does 286 divide 46109?
False
Is 2 a factor of 56?
True
Is 122 a multiple of 86?
False
Is 1467 a multiple of 2?
False
Is 296 a multiple of 37?
True
Is 31 a factor of 2727?
False
Does 5 divide 119?
False
Does 7 divide 623?
True
Is 86 a factor of 1058?
False
Is 73 a factor of 584?
True
Is 886 a multiple of 15?
False
Is 1549 a multiple of 36?
False
Is 32 a factor of 544?
True
Is 5969 a multiple of 116?
False
Does 151 divide 51895?
False
Does 10 divide 9570?
True
Is 18 a factor of 846?
True
Is 1430 a multiple of 110?
True
Is 9435 a multiple of 17?
True
Is 24 a factor of 36728?
False
Does 15 divide 51300?
True
Is 49 a factor of 5510?
False
Is 6115 a multiple of 51?
False
Does 7 divide 5096?
True
Does 26 divide 1407?
False
Is 33 a factor of 1568?
False
Does 156 divide 17358?
False
Is 16 a factor of 1701?
False
Does 23 divide 42?
False
Does 24 divide 96?
True
Does 58 divide 5452?
True
Is 14 a factor of 861?
False
Is 75 a factor of 68322?
False
Does 18 divide 432?
True
Does 97 divide 3880?
True
Is 23106 a multiple of 65?
False
Is 13 a factor of 112553?
False
Does 61 divide 305?
True
Is 51 a factor of 7650?
True
Does 9 divide 27580?
False
Does 8 divide 20312?
True
Is 1140 a multiple of 18?
False
Is 50 a factor of 3650?
True
Is 20 a factor of 19973?
False
Does 6 divide 2088?
True
Is 17 a factor of 1746?
False
Does 168 divide 4022?
False
Is 5 a factor of 4820?
True
Is 21 a factor of 74?
False
Is 28245 a multiple of 32?
False
Is 22860 a multiple of 109?
False
Is 22 a factor of 5004?
False
Is 30 a factor of 2250?
True
Is 47310 a multiple of 19?
True
Does 11 divide 4576?
True
Does 20 divide 320?
True
Does 17 divide 916?
False
Does 53 divide 69218?
True
Is 166 a factor of 10956?
True
Is 34 a factor of 4352?
True
Is 23 a factor of 10847?
False
Does 14 divide 795?
False
Is 13464 a multiple of 11?
True
Is 289 a multiple of 7?
False
Does 30 divide 2133?
False
Is 86775 a multiple of 195?
True
Is 57 a multiple of 2?
False
Is 59 a factor of 768?
False
Does 65 divide 1690?
True
Is 673 a multiple of 25?
False
Does 75 divide 108600?
True
Is 1274 a multiple of 91?
True
Does 49 divide 17052?
True
Is 81 a factor of 324?
True
Is 17 a factor of 68292?
False
Is 4056 a multiple of 8?
True
Does 5 divide 185?
True
Is 23 even?
False
Is 1352 a multiple of 13?
True
Does 26 divide 1612?
True
Is 20 a factor of 1000?
True
Is 27 a factor of 2072?
False
Does 21 divide 481?
False
Does 17 divide 11424?
True
Is 13536 a multiple of 72?
True
Is 27 a factor of 32616?
True
Is 166 a factor of 3320?
True
Does 49 divide 1554?
False
Is 66394 a multiple of 28?
False
Is 32 a factor of 76736?
True
Is 4 a factor of 4?
True
Is 16800 a multiple of 160?
True
Does 9 divide 18360?
True
Does 9 divide 24984?
True
Does 4 divide 3529?
False
Is 70404 a multiple of 15?
False
Is 1163 a multiple of 5?
False
Is 137 even?
False
Does 27 divide 4563?
True
Is 3 a factor of 3050?
False
Is 1364 a multiple of 22?
True
Is 5903 a multiple of 11?
False
Is 9 a factor of 473?
False
Is 1553 a multiple of 10?
False
Is 80 a factor of 8764?
False
Is 1625 a multiple of 26?
False
Is 20306 a multiple of 22?
True
Is 9 a factor of 1223?
False
Is 10 a factor of 96?
False
Does 5 divide 25290?
True
Is 55 a factor of 7202?
False
Is 3367 a multiple of 107?
False
Is 9511 a multiple of 6?
False
Does 4 divide 768?
True
Is 521 a factor of 112536?
True
Is 168 a multiple of 4?
True
Does 21 divide 525?
True
Is 33 a factor of 396?
True
Is 65 a multiple of 5?
True
Is 89 a multiple of 10?
False
Is 5748 a multiple of 3?
True
Is 95 a factor of 8416?
False
Is 40 a multiple of 20?
True
Does 17 divide 33121?
False
Is 8376 a multiple of 12?
True
Does 5 divide 24011?
False
Is 31 a factor of 20956?
True
Does 27 divide 9315?
True
Is 13104 a multiple of 24?
True
Does 22 divide 1810?
False
Is 36 a multiple of 3?
True
Does 18 divide 2416?
False
Does 12 divide 14328?
True
Is 36 a factor of 3708?
True
Does 8 divide 14624?
True
Does 10 divide 90?
True
Is 416 a multiple of 54?
False
Is 718 a multiple of 96?
False
Is 3694 a multiple of 22?
False
Does 224 divide 17024?
True
Is 105 a factor of 71979?
False
Is 10 a multiple of 5?
True
Is 43 a factor of 123926?
True
Is 8 a factor of 840?
True
Does 6 divide 735?
False
Is 69 a factor of 1329?
False
Is 18 a factor of 118480?
False
Does 16 divide 1360?
True
Is 4960 a multiple of 152?
False
Is 8600 a multiple of 100?
True
Is 15540 a multiple of 185?
True
Is 71 a factor of 4941?
False
Is 19 a factor of 1149?
False
Does 32 divide 20654?
False
Is 25100 a multiple of 100?
True
Is 1800 a multiple of 15?
True
Is 959 a multiple of 110?
False
Is 672 a multiple of 78?
False
Does 101 divide 2644?
False
Is 281 a multiple of 10?
False
Is 20601 a multiple of 21?
True
Is 6790 a multiple of 17?
False
Does 9 divide 45720?
True
Is 140 a multiple of 10?
True
Is 52 a factor of 285?
False
Does 32 divide 3264?
True
Is 35969 a multiple of 144?
False
Is 158 a factor of 3965?
False
Is 12438 a multiple of 18?
True
Does 14 divide 22316?
True
Does 27 divide 62682?
False
Does 298 divide 77453?
False
Is 59 a factor of 18526?
True
Is 46 a factor of 80454?
True
Is 672 a multiple of 2?
True
Is 54 a factor of 51818?
False
Is 960 a multiple of 15?
True
Is 1682 a multiple of 28?
False
Is 4918 a multiple of 14?
False
Does 36 divide 10079?
False
Is 32 a factor of 14821?
False
Does 12 divide 2880?
True
Does 17 divide 6079?
False
Does 9 divide 1534?
False
Is 370 a multiple of 2?
True
Is 1341 a multiple of 9?
True
Is 720 a multiple of 20?
True
Is 252 a factor of 137088?
True
Is 31 a factor of 1271?
True
Does 18 divide 1817?
False
Is 30 a factor of 33553?
False
Is 5180 a multiple of 20?
True
Does 21 divide 126?
True
Is 630 a multiple of 37?
False
Is 4 a factor of 52?
True
Does 22 divide 6211?
False
Is 64433 a multiple of 29?
False
Is 774 a multiple of 9?
True
Is 91 a factor of 880?
False
Is 22 a factor of 3199?
False
Is 137 a factor of 28329?
False
Does 12 divide 21514?
False
Does 32 divide 992?
True
Is 6 a factor of 822?
True
Is 195 a factor of 29030?
False
Is 15 a factor of 9672?
False
Does 19 divide 5236?
False
Does 152 divide 7009?
False
Is 1104 a multiple of 48?
True
Does 31 divide 17050?
True
Is 55622 a multiple of 14?
True
Does 159 divide 27125?
False
Is 12 a factor of 1228?
False
Is 84 a multiple of 14?
True
Is 60 a factor of 1300?
False
Is 60 a multiple of 2?
True
Is 7 a factor of 1785?
True
Does 9 divide 17685?
True
Is 2082 a multiple of 10?
False
Is 130 a factor of 16052?
False
Does 68 divide 3714?
False
Does 2 divide 261?
False
Is 1132 a multiple of 67?
False
Is 2580 a multiple of 60?
True
Is 4215 a multiple of 66?
False
Is 21 a factor of 940?
False
Is 2116 a multiple of 54?
False
Is 8 a factor of 616?
True
Is 1627 a multiple of 27?
False
Is 29 a factor of 219?
False
Is 17 a factor of 57?
False
Is 648 a multiple of 6?
True
Is 148 a multiple of 4?
True
Is 897 a multiple of 39?
True
Does 46 divide 2162?
True
Is 33 a multiple of 4?
False
Is 22 a factor of 35574?
True
Does 6 divide 24?
True
Does 18 divide 1631?
False
Is 175 a factor of 6081?
False
Is 2 a factor of 264?
True
Does 19 divide 8303?
True
Is 939 a multiple of 22?
False
Is 3842 a multiple of 32?
False
Does 5 divide 463?
False
Does 3 divide 321?
True
Does 59 divide 59?
True
Is 364 a multiple of 13?
True
Is 121652 a multiple of 34?
True
Is 20631 a multiple of 69?
True
Is 7194 a multiple of 13?
False
Is 2485 a multiple of 35?
True
Is 3 a factor of 9175?
False
Is 484 even?
True
Is 40 a factor of 1200?
True
Does 290 divide 9764?
False
Is 4 a factor of 559?
False
Does 78 divide 2202?
False
Is 12 a factor of 14?
False
Is 20 a factor of 1154?
